vided by 7.
5
What is the remainder when 416 is divided by 71?
61
Calculate the remainder when 12666 is divided by 6332.
2
Calculate the remainder when 717 is divided by 15.
12
Calculate the remainder when 207 is divided by 145.
62
Calculate the remainder when 333 is divided by 8.
5
Calculate the remainder when 3589 is divided by 109.
101
What is the remainder when 590 is divided by 83?
9
Calculate the remainder when 411 is divided by 3.
0
Calculate the remainder when 177 is divided by 37.
29
Calculate the remainder when 878 is divided by 22.
20
Calculate the remainder when 118 is divided by 24.
22
Calculate the remainder when 129 is divided by 31.
5
Calculate the remainder when 1743 is divided by 17.
9
Calculate the remainder when 3884 is divided by 58.
56
Calculate the remainder when 287 is divided by 24.
23
Calculate the remainder when 409 is divided by 79.
14
Calculate the remainder when 327 is divided by 77.
19
Calculate the remainder when 167 is divided by 31.
12
What is the remainder when 2428 is divided by 28?
20
Calculate the remainder when 206 is divided by 70.
66
Calculate the remainder when 128 is divided by 113.
15
What is the remainder when 5993 is divided by 18?
17
What is the remainder when 580 is divided by 73?
69
What is the remainder when 51 is divided by 34?
17
Calculate the remainder when 294 is divided by 37.
35
What is the remainder when 5815 is divided by 23?
19
What is the remainder when 180 is divided by 30?
0
Calculate the remainder when 635 is divided by 65.
50
Calculate the remainder when 7190 is divided by 124.
122
What is the remainder when 39 is divided by 19?
1
What is the remainder when 572 is divided by 2?
0
Calculate the remainder when 3306 is divided by 48.
42
What is the remainder when 125 is divided by 66?
59
What is the remainder when 969 is divided by 162?
159
What is the remainder when 1814 is divided by 79?
76
What is the remainder when 442 is divided by 149?
144
What is the remainder when 578 is divided by 29?
27
What is the remainder when 213 is divided by 60?
33
What is the remainder when 26411 is divided by 281?
278
What is the remainder when 2230 is divided by 51?
37
What is the remainder when 523 is divided by 87?
1
Calculate the remainder when 841 is divided by 418.
5
What is the remainder when 1183 is divided by 16?
15
Calculate the remainder when 168 is divided by 97.
71
Calculate the remainder when 878 is divided by 85.
28
Calculate the remainder when 298 is divided by 13.
12
Calculate the remainder when 3782 is divided by 86.
84
What is the remainder when 97 is divided by 13?
6
What is the remainder when 670 is divided by 21?
19
What is the remainder when 265 is divided by 80?
25
What is the remainder when 3039 is divided by 234?
231
What is the remainder when 18 is divided by 6?
0
What is the remainder when 169 is divided by 52?
13
What is the remainder when 159 is divided by 147?
12
Calculate the remainder when 229 is divided by 23.
22
What is the remainder when 112 is divided by 12?
4
Calculate the remainder when 82 is divided by 44.
38
Calculate the remainder when 29 is divided by 19.
10
What is the remainder when 69 is divided by 15?
9
What is the remainder when 59 is divided by 59?
0
Calculate the remainder when 144 is divided by 29.
28
Calculate the remainder when 1062 is divided by 76.
74
Calculate the remainder when 441 is divided by 45.
36
What is the remainder when 160 is divided by 27?
25
Calculate the remainder when 1898 is divided by 18.
8
What is the remainder when 797 is divided by 100?
97
Calculate the remainder when 778 is divided by 39.
37
Calculate the remainder when 5682 is divided by 29.
27
Calculate the remainder when 834 is divided by 31.
28
What is the remainder when 326 is divided by 15?
11
Calculate the remainder when 247 is divided by 18.
13
What is the remainder when 1343 is divided by 96?
95
Calculate the remainder when 917 is divided by 97.
44
What is the remainder when 34174 is divided by 128?
126
What is the remainder when 17888 is divided by 89?
88
What is the remainder when 1949 is divided by 9?
5
Calculate the remainder when 371 is divided by 12.
11
What is the remainder when 70 is divided by 41?
29
Calculate the remainder when 78 is divided by 22.
12
Calculate the remainder when 14758 is divided by 40.
38
What is the remainder when 80 is divided by 7?
3
Calculate the remainder when 2950 is divided by 983.
1
What is the remainder when 1256 is divided by 17?
15
What is the remainder when 476 is divided by 104?
60
Calculate the remainder when 47 is divided by 13.
8
What is the remainder when 259 is divided by 44?
39
What is the remainder when 1840 is divided by 11?
3
Calculate the remainder when 130 is divided by 105.
25
What is the remainder when 963 is divided by 7?
4
What is the remainder when 5034 is divided by 11?
7
What is the remainder when 92 is divided by 22?
4
What is the remainder when 449 is divided by 75?
74
Calculate the remainder when 330 is divided by 9.
6
What is the remainder when 1671 is divided by 54?
51
What is the remainder when 12363 is divided by 18?
15
What is the remainder when 196 is divided by 51?
43
What is the remainder when 1236 is divided by 43?
32
What is the remainder when 849 is divided by 17?
16
Calculate the remainder when 103 is divided by 12.
7
Calculate the remainder when 275 is divided by 74.
53
What is the remainder when 545 is divided by 66?
17
Calculate the remainder when 179 is divided by 45.
44
What is the remainder when 322 is divided by 54?
52
Calculate the remainder when 607 is divided by 38.
37
What is the remainder when 767 is divided by 100?
67
What is the remainder when 24543 is divided by 16?
15
What is the remainder when 700 is divided by 1?
0
Calculate the remainder when 198 is divided by 20.
18
Calculate the remainder when 63 is divided by 13.
11
What is the remainder when 99 is divided by 27?
18
Calculate the remainder when 139 is divided by 21.
13
What is the remainder when 448 is divided by 102?
40
Calculate the remainder when 720 is divided by 238.
6
What is the remainder when 797 is divided by 198?
5
Calculate the remainder when 74 is divided by 7.
4
Calculate the remainder when 16861 is divided by 136.
133
What is the remainder when 1102 is divided by 23?
21
What is the remainder when 3306 is divided by 11?
6
What is the remainder when 1482 is divided by 135?
132
Calculate the remainder when 2191 is divided by 18.
13
What is the remainder when 455 is divided by 28?
7
What is the remainder when 1544 is divided by 389?
377
Calculate the remainder when 10 is divided by 5.
0
What is the remainder when 555 is divided by 171?
42
Calculate the remainder when 154 is divided by 20.
14
What is the remainder when 2715 is divided by 225?
15
What is the remainder when 196 is divided by 40?
36
What is the remainder when 520 is divided by 58?
56
What is the remainder when 40 is divided by 19?
2
What is the remainder when 2067 is divided by 230?
227
What is the remainder when 1307 is divided by 77?
75
Calculate the remainder when 49 is divided by 46.
3
Calculate the remainder when 284 is divided by 22.
20
What is the remainder when 611 is divided by 264?
83
What is the remainder when 417 is divided by 20?
17
What is the remainder when 69 is divided by 14?
13
What is the remainder when 1780 is divided by 22?
20
What is the remainder when 191 is divided by 66?
59
Calculate the remainder when 514 is divided by 25.
14
Calculate the remainder when 330 is divided by 150.
30
What is the remainder when 219 is divided by 61?
36
What is the remainder when 887 is divided by 10?
7
What is the remainder when 82 is divided by 7?
5
Calculate the remainder when 231 is divided by 58.
57
Calculate the remainder when 1843 is divided by 265.
253
What is the remainder when 5465 is divided by 10?
5
What is the remainder when 244 is divided by 65?
49
What is the remainder when 295 is divided by 79?
58
Calculate the remainder when 2348 is divided by 81.
80
What is the remainder when 102 is divided by 7?
4
What is the remainder when 128 is divided by 45?
38
What is the remainder when 5944 is divided by 238?
232
Calculate the remainder when 311 is divided by 6.
5
Calculate the remainder when 16043 is divided by 28.
27
What is the r